{"id":27840,"date":"2023-09-12T14:32:01","date_gmt":"2023-09-12T12:32:01","guid":{"rendered":"https:\/\/www.schramas.com\/winkel\/ficus-carica-del-portogallo-vijg\/"},"modified":"2025-07-10T12:18:16","modified_gmt":"2025-07-10T10:18:16","slug":"ficus-carica-del-portogallo-feige","status":"publish","type":"product","link":"https:\/\/www.schramas.com\/de\/winkel\/ficus-carica-del-portogallo-vijg\/","title":{"rendered":"Ficus carica 'Del Portogallo' Feige"},"content":{"rendered":"<p>\u201eDel Portogallo\u201c ist eine ausgezeichnete Feigenbaumsorte, die f\u00fcr ihre s\u00fc\u00dfen und schmackhaften Fr\u00fcchte bekannt ist. Diese Sorte produziert mittelgro\u00dfe Feigen mit einer gr\u00fcnbraunen Farbe und einer k\u00f6stlichen, saftigen Textur. Die Fr\u00fcchte eignen sich f\u00fcr den Frischverzehr und kulinarische Anwendungen.<\/p>","protected":false},"excerpt":{"rendered":"<p>\u201eDel Portogallo\u201c ist eine ausgezeichnete Feigenbaumsorte, die f\u00fcr ihre s\u00fc\u00dfen und schmackhaften Fr\u00fcchte bekannt ist. Diese Sorte produziert mittelgro\u00dfe Feigen mit einer gr\u00fcnbraunen Farbe und einer k\u00f6stlichen, saftigen Textur. Die Fr\u00fcchte eignen sich f\u00fcr den Frischverzehr und kulinarische Anwendungen.<\/p>","protected":false},"featured_media":0,"template":"","meta":{"_joinchat":[]},"product_brand":[],"product_cat":[],"product_tag":[1109,1096,716,328],"class_list":{"0":"post-27840","1":"product","2":"type-product","3":"status-publish","5":"product_tag-groenbruin","6":"product_tag-smaakvol","7":"product_tag-vijg","8":"product_tag-zoet","10":"first","11":"outofstock","12":"taxable","13":"shipping-taxable","14":"purchasable","15":"product-type-simple"},"yoast_head":"<!-- This site is optimized with the Yoast SEO plugin v24.2 - https:\/\/yoast.com\/wordpress\/plugins\/seo\/ -->\n<title>Ficus carica &#039;Del Portogallo&#039; Vijg kopen | Planten eenvoudig online bestellen | Schramas.com<\/title>\n<meta name=\"robots\" content=\"index, follow, max-snippet:-1, max-image-preview:large, max-video-preview:-1\" \/>\n<link rel=\"canonical\" href=\"https:\/\/www.schramas.com\/de\/shop\/ficus-carica-del-portogallo-feige\/\" \/>\n<meta property=\"og:locale\" content=\"de_DE\" \/>\n<meta property=\"og:type\" content=\"article\" \/>\n<meta property=\"og:title\" content=\"Ficus carica &#039;Del Portogallo&#039; Vijg kopen | Planten eenvoudig online bestellen | Schramas.com\" \/>\n<meta property=\"og:description\" content=\"&#8216;Del Portogallo&#8217; is een uitstekende vari?teit van de vijgenboom, bekend om zijn zoete en smaakvolle vruchten. Deze cultivar produceert middelgrote vijgen met een groenbruine kleur en een heerlijke, sappige textuur. De vruchten zijn geschikt voor vers gebruik en culinaire toepassingen.\" \/>\n<meta property=\"og:url\" content=\"https:\/\/www.schramas.com\/de\/shop\/ficus-carica-del-portogallo-feige\/\" \/>\n<meta property=\"og:site_name\" content=\"Planten eenvoudig online bestellen | Schramas.com\" \/>\n<meta property=\"article:publisher\" content=\"https:\/\/www.facebook.com\/Schramascom-106872874153195\/\" \/>\n<meta property=\"article:modified_time\" content=\"2025-07-10T10:18:16+00:00\" \/>\n<meta property=\"og:image\" content=\"https:\/\/www.schramas.com\/wp-content\/uploads\/2020\/11\/210913-Logo-ontwerp-versie-2-amazon-grijs.png\" \/>\n\t<meta property=\"og:image:width\" content=\"1446\" \/>\n\t<meta property=\"og:image:height\" content=\"700\" \/>\n\t<meta property=\"og:image:type\" content=\"image\/png\" \/>\n<meta name=\"twitter:card\" content=\"summary_large_image\" \/>\n<script type=\"application\/ld+json\" class=\"yoast-schema-graph\">{\"@context\":\"https:\/\/schema.org\",\"@graph\":[{\"@type\":[\"WebPage\",\"ItemPage\"],\"@id\":\"https:\/\/www.schramas.com\/winkel\/ficus-carica-del-portogallo-vijg\/\",\"url\":\"https:\/\/www.schramas.com\/winkel\/ficus-carica-del-portogallo-vijg\/\",\"name\":\"Ficus carica 'Del Portogallo' Vijg kopen | Planten eenvoudig online bestellen | Schramas.com\",\"isPartOf\":{\"@id\":\"https:\/\/www.schramas.com\/#website\"},\"datePublished\":\"2023-09-12T12:32:01+00:00\",\"dateModified\":\"2025-07-10T10:18:16+00:00\",\"breadcrumb\":{\"@id\":\"https:\/\/www.schramas.com\/winkel\/ficus-carica-del-portogallo-vijg\/#breadcrumb\"},\"inLanguage\":\"de\",\"potentialAction\":[{\"@type\":\"ReadAction\",\"target\":[\"https:\/\/www.schramas.com\/winkel\/ficus-carica-del-portogallo-vijg\/\"]}]},{\"@type\":\"BreadcrumbList\",\"@id\":\"https:\/\/www.schramas.com\/winkel\/ficus-carica-del-portogallo-vijg\/#breadcrumb\",\"itemListElement\":[{\"@type\":\"ListItem\",\"position\":1,\"name\":\"Product\",\"item\":\"https:\/\/www.schramas.com\/assortiment\/\"},{\"@type\":\"ListItem\",\"position\":2,\"name\":\"Offerte aanvragen\",\"item\":\"https:\/\/www.schramas.com\/product-category\/offerte-aanvragen\/\"},{\"@type\":\"ListItem\",\"position\":3,\"name\":\"Ficus carica &#8216;Del Portogallo&#8217; Vijg\"}]},{\"@type\":\"WebSite\",\"@id\":\"https:\/\/www.schramas.com\/#website\",\"url\":\"https:\/\/www.schramas.com\/\",\"name\":\"Schramas.com | Tuinplanten eenvoudig online bestellen | Direct van onze Kwekerij\",\"description\":\"\",\"alternateName\":\"Schramas.com - Alle planten direct van de kweker\",\"potentialAction\":[{\"@type\":\"SearchAction\",\"target\":{\"@type\":\"EntryPoint\",\"urlTemplate\":\"https:\/\/www.schramas.com\/?s={search_term_string}\"},\"query-input\":{\"@type\":\"PropertyValueSpecification\",\"valueRequired\":true,\"valueName\":\"search_term_string\"}}],\"inLanguage\":\"de\"}]}<\/script>\n<!-- \/ Yoast SEO plugin. -->","yoast_head_json":{"title":"Kaufen Sie Ficus carica &#039;Del Portogallo&#039; Feige | Pflanzen einfach online bestellen | Schramas.com","robots":{"index":"index","follow":"follow","max-snippet":"max-snippet:-1","max-image-preview":"max-image-preview:large","max-video-preview":"max-video-preview:-1"},"canonical":"https:\/\/www.schramas.com\/de\/shop\/ficus-carica-del-portogallo-feige\/","og_locale":"de_DE","og_type":"article","og_title":"Ficus carica 'Del Portogallo' Vijg kopen | Planten eenvoudig online bestellen | Schramas.com","og_description":"&#8216;Del Portogallo&#8217; is een uitstekende vari?teit van de vijgenboom, bekend om zijn zoete en smaakvolle vruchten. Deze cultivar produceert middelgrote vijgen met een groenbruine kleur en een heerlijke, sappige textuur. De vruchten zijn geschikt voor vers gebruik en culinaire toepassingen.","og_url":"https:\/\/www.schramas.com\/de\/shop\/ficus-carica-del-portogallo-feige\/","og_site_name":"Planten eenvoudig online bestellen | Schramas.com","article_publisher":"https:\/\/www.facebook.com\/Schramascom-106872874153195\/","article_modified_time":"2025-07-10T10:18:16+00:00","og_image":[{"width":1446,"height":700,"url":"https:\/\/www.schramas.com\/wp-content\/uploads\/2020\/11\/210913-Logo-ontwerp-versie-2-amazon-grijs.png","type":"image\/png"}],"twitter_card":"summary_large_image","schema":{"@context":"https:\/\/schema.org","@graph":[{"@type":["WebPage","ItemPage"],"@id":"https:\/\/www.schramas.com\/winkel\/ficus-carica-del-portogallo-vijg\/","url":"https:\/\/www.schramas.com\/winkel\/ficus-carica-del-portogallo-vijg\/","name":"Kaufen Sie Ficus carica &#039;Del Portogallo&#039; Feige | Pflanzen einfach online bestellen | Schramas.com","isPartOf":{"@id":"https:\/\/www.schramas.com\/#website"},"datePublished":"2023-09-12T12:32:01+00:00","dateModified":"2025-07-10T10:18:16+00:00","breadcrumb":{"@id":"https:\/\/www.schramas.com\/winkel\/ficus-carica-del-portogallo-vijg\/#breadcrumb"},"inLanguage":"de","potentialAction":[{"@type":"ReadAction","target":["https:\/\/www.schramas.com\/winkel\/ficus-carica-del-portogallo-vijg\/"]}]},{"@type":"BreadcrumbList","@id":"https:\/\/www.schramas.com\/winkel\/ficus-carica-del-portogallo-vijg\/#breadcrumb","itemListElement":[{"@type":"ListItem","position":1,"name":"Product","item":"https:\/\/www.schramas.com\/assortiment\/"},{"@type":"ListItem","position":2,"name":"Offerte aanvragen","item":"https:\/\/www.schramas.com\/product-category\/offerte-aanvragen\/"},{"@type":"ListItem","position":3,"name":"Ficus carica &#8216;Del Portogallo&#8217; Vijg"}]},{"@type":"WebSite","@id":"https:\/\/www.schramas.com\/#website","url":"https:\/\/www.schramas.com\/","name":"Schramas.com | Gartenpflanzen einfach online bestellen | Direkt aus unserer G\u00e4rtnerei","description":"","alternateName":"Schramas.com - Alle planten direct van de kweker","potentialAction":[{"@type":"SearchAction","target":{"@type":"EntryPoint","urlTemplate":"https:\/\/www.schramas.com\/?s={search_term_string}"},"query-input":{"@type":"PropertyValueSpecification","valueRequired":true,"valueName":"search_term_string"}}],"inLanguage":"de"}]}},"_links":{"self":[{"href":"https:\/\/www.schramas.com\/de\/wp-json\/wp\/v2\/product\/27840","targetHints":{"allow":["GET"]}}],"collection":[{"href":"https:\/\/www.schramas.com\/de\/wp-json\/wp\/v2\/product"}],"about":[{"href":"https:\/\/www.schramas.com\/de\/wp-json\/wp\/v2\/types\/product"}],"version-history":[{"count":0,"href":"https:\/\/www.schramas.com\/de\/wp-json\/wp\/v2\/product\/27840\/revisions"}],"wp:attachment":[{"href":"https:\/\/www.schramas.com\/de\/wp-json\/wp\/v2\/media?parent=27840"}],"wp:term":[{"taxonomy":"product_brand","embeddable":true,"href":"https:\/\/www.schramas.com\/de\/wp-json\/wp\/v2\/product_brand?post=27840"},{"taxonomy":"product_cat","embeddable":true,"href":"https:\/\/www.schramas.com\/de\/wp-json\/wp\/v2\/product_cat?post=27840"},{"taxonomy":"product_tag","embeddable":true,"href":"https:\/\/www.schramas.com\/de\/wp-json\/wp\/v2\/product_tag?post=27840"}],"curies":[{"name":"wp","href":"https:\/\/api.w.org\/{rel}","templated":true}]}}

<p>„Del Portogallo“ ist eine ausgezeichnete Feigenbaumsorte, die für ihre süßen und schmackhaften Früchte bekannt ist. Diese Sorte produziert mittelgroße Feigen mit einer grünbraunen Farbe und einer köstlichen, saftigen Textur. Die Früchte eignen sich für den Frischverzehr und kulinarische Anwendungen.</p>

Schramas.com | Gartenpflanzen einfach online bestellen | Direkt aus unserer Gärtnerei
