{"id":19815,"date":"2022-07-11T16:38:14","date_gmt":"2022-07-11T14:38:14","guid":{"rendered":"https:\/\/www.schramas.com\/?post_type=product&#038;p=19815"},"modified":"2026-08-13T09:14:51","modified_gmt":"2026-08-13T07:14:51","slug":"ficus-carica-grise-de-tarascon-figuier-pot-2-litres","status":"publish","type":"product","link":"https:\/\/www.schramas.com\/fr\/winkel\/ficus-carica-grise-de-tarascon-vijgenboom-2-liter-pot\/","title":{"rendered":"Ficus carica 'Grise de tarascon' Figuier, pot de 2 litres"},"content":{"rendered":"<p>Cette vari\u00e9t\u00e9 Ficus carica 'Grise de tarascon' est un figuier vigoureux et productif, avec de gros fruits fermes et sucr\u00e9s de couleur brun pourpre \u00e0 chair rose. Ces figues sont bonnes \u00e0 consommer fra\u00eeches, \u00e0 s\u00e9cher et \u00e0 confire.<\/p>\n<p>Ficus carica \"Grise de tarascon\" r\u00e9siste au gel jusqu'\u00e0 -15\u00b0C. Le figuier est facile \u00e0 cultiver et r\u00e9siste aux maladies.<\/p>","protected":false},"excerpt":{"rendered":"<p>Ficus carica \"Grise de tarascon\"<\/p>\n<p>Go\u00fbt : doux<\/p>\n<p>Couleur : fruits pourpres-bruns<\/p>\n<p>Hauteur maximale : environ 4 m\u00e8tres<\/p>\n<p>Hauteur de livraison, pot compris : environ 60 cm<\/p>\n<p>Taille du pot : 2 litres<\/p>\n<p>Convient pour les balcons, les terrasses et les espaces verts.<\/p>","protected":false},"featured_media":28455,"template":"","meta":{"_joinchat":[]},"product_brand":[],"product_cat":[262,233,234,38],"product_tag":[891,894,714,897,898,716,890],"class_list":{"0":"post-19815","1":"product","2":"type-product","3":"status-publish","4":"has-post-thumbnail","6":"product_cat-bomen-struiken","7":"product_cat-fruitbomen","8":"product_cat-fruitstruiken","9":"product_cat-vijgen","10":"product_tag-carica","11":"product_tag-de","12":"product_tag-ficus","13":"product_tag-grise","14":"product_tag-tarascon","15":"product_tag-vijg","16":"product_tag-vijgenboom","17":"pa_bloeimaanden-juli","18":"pa_bloeimaanden-augustus","19":"pa_bloeimaanden-september","20":"pa_ewd_uwcf_colors-groen-2","21":"pa_ewd_uwcf_colors-mixed","22":"pa_groeihoogte-300-cm","23":"pa_pot-zonder-pot","25":"first","26":"outofstock","27":"taxable","28":"shipping-taxable","29":"purchasable","30":"product-type-simple"},"yoast_head":"<!-- This site is optimized with the Yoast SEO plugin v24.2 - https:\/\/yoast.com\/wordpress\/plugins\/seo\/ -->\n<title>Ficus carica &#039;Grise de tarascon&#039; Vijgenboom, 2 liter pot kopen | Planten eenvoudig online bestellen | Schramas.com<\/title>\n<meta name=\"robots\" content=\"index, follow, max-snippet:-1, max-image-preview:large, max-video-preview:-1\" \/>\n<link rel=\"canonical\" href=\"https:\/\/www.schramas.com\/fr\/boutique\/ficus-carica-grise-de-tarascon-figuier-pot-2-litres\/\" \/>\n<meta property=\"og:locale\" content=\"fr_FR\" \/>\n<meta property=\"og:type\" content=\"article\" \/>\n<meta property=\"og:title\" content=\"Ficus carica &#039;Grise de tarascon&#039; Vijgenboom, 2 liter pot kopen | Planten eenvoudig online bestellen | Schramas.com\" \/>\n<meta property=\"og:description\" content=\"Ficus carica &quot;Grise de tarascon&quot;  Smaak: zoet  Kleur: paarsbruine vruchten  Hoogte max.: ca. 4 meter  Leverhoogte incl. pot: ca. 60 cm  Potmaat: 2 liter  Geschikt voor zowel balkon, patio als volle grond\" \/>\n<meta property=\"og:url\" content=\"https:\/\/www.schramas.com\/fr\/boutique\/ficus-carica-grise-de-tarascon-figuier-pot-2-litres\/\" \/>\n<meta property=\"og:site_name\" content=\"Planten eenvoudig online bestellen | Schramas.com\" \/>\n<meta property=\"article:publisher\" content=\"https:\/\/www.facebook.com\/Schramascom-106872874153195\/\" \/>\n<meta property=\"article:modified_time\" content=\"2026-08-13T07:14:51+00:00\" \/>\n<meta property=\"og:image\" content=\"http:\/\/www.schramas.com\/wp-content\/uploads\/2022\/07\/Grise-de-tarascon-sfeer-new.jpg\" \/>\n\t<meta property=\"og:image:width\" content=\"1600\" \/>\n\t<meta property=\"og:image:height\" content=\"1600\" \/>\n\t<meta property=\"og:image:type\" content=\"image\/jpeg\" \/>\n<meta name=\"twitter:card\" content=\"summary_large_image\" \/>\n<meta name=\"twitter:label1\" content=\"Dur\u00e9e de lecture estim\u00e9e\" \/>\n\t<meta name=\"twitter:data1\" content=\"1 minute\" \/>\n<script type=\"application\/ld+json\" class=\"yoast-schema-graph\">{\"@context\":\"https:\/\/schema.org\",\"@graph\":[{\"@type\":[\"WebPage\",\"ItemPage\"],\"@id\":\"https:\/\/www.schramas.com\/winkel\/ficus-carica-grise-de-tarascon-vijgenboom-2-liter-pot\/\",\"url\":\"https:\/\/www.schramas.com\/winkel\/ficus-carica-grise-de-tarascon-vijgenboom-2-liter-pot\/\",\"name\":\"Ficus carica 'Grise de tarascon' Vijgenboom, 2 liter pot kopen | Planten eenvoudig online bestellen | Schramas.com\",\"isPartOf\":{\"@id\":\"https:\/\/www.schramas.com\/#website\"},\"primaryImageOfPage\":{\"@id\":\"https:\/\/www.schramas.com\/winkel\/ficus-carica-grise-de-tarascon-vijgenboom-2-liter-pot\/#primaryimage\"},\"image\":{\"@id\":\"https:\/\/www.schramas.com\/winkel\/ficus-carica-grise-de-tarascon-vijgenboom-2-liter-pot\/#primaryimage\"},\"thumbnailUrl\":\"https:\/\/www.schramas.com\/wp-content\/uploads\/2022\/07\/Grise-de-tarascon-sfeer-new.jpg\",\"datePublished\":\"2022-07-11T14:38:14+00:00\",\"dateModified\":\"2026-08-13T07:14:51+00:00\",\"breadcrumb\":{\"@id\":\"https:\/\/www.schramas.com\/winkel\/ficus-carica-grise-de-tarascon-vijgenboom-2-liter-pot\/#breadcrumb\"},\"inLanguage\":\"fr-FR\",\"potentialAction\":[{\"@type\":\"ReadAction\",\"target\":[\"https:\/\/www.schramas.com\/winkel\/ficus-carica-grise-de-tarascon-vijgenboom-2-liter-pot\/\"]}]},{\"@type\":\"ImageObject\",\"inLanguage\":\"fr-FR\",\"@id\":\"https:\/\/www.schramas.com\/winkel\/ficus-carica-grise-de-tarascon-vijgenboom-2-liter-pot\/#primaryimage\",\"url\":\"https:\/\/www.schramas.com\/wp-content\/uploads\/2022\/07\/Grise-de-tarascon-sfeer-new.jpg\",\"contentUrl\":\"https:\/\/www.schramas.com\/wp-content\/uploads\/2022\/07\/Grise-de-tarascon-sfeer-new.jpg\",\"width\":1600,\"height\":1600},{\"@type\":\"BreadcrumbList\",\"@id\":\"https:\/\/www.schramas.com\/winkel\/ficus-carica-grise-de-tarascon-vijgenboom-2-liter-pot\/#breadcrumb\",\"itemListElement\":[{\"@type\":\"ListItem\",\"position\":1,\"name\":\"Product\",\"item\":\"https:\/\/www.schramas.com\/assortiment\/\"},{\"@type\":\"ListItem\",\"position\":2,\"name\":\"Bomen &amp; Struiken\",\"item\":\"https:\/\/www.schramas.com\/product-category\/bomen-struiken\/\"},{\"@type\":\"ListItem\",\"position\":3,\"name\":\"Ficus carica &#8216;Grise de tarascon&#8217; Vijgenboom, 2 liter pot\"}]},{\"@type\":\"WebSite\",\"@id\":\"https:\/\/www.schramas.com\/#website\",\"url\":\"https:\/\/www.schramas.com\/\",\"name\":\"Schramas.com | Tuinplanten eenvoudig online bestellen | Direct van onze Kwekerij\",\"description\":\"\",\"alternateName\":\"Schramas.com - Alle planten direct van de kweker\",\"potentialAction\":[{\"@type\":\"SearchAction\",\"target\":{\"@type\":\"EntryPoint\",\"urlTemplate\":\"https:\/\/www.schramas.com\/?s={search_term_string}\"},\"query-input\":{\"@type\":\"PropertyValueSpecification\",\"valueRequired\":true,\"valueName\":\"search_term_string\"}}],\"inLanguage\":\"fr-FR\"}]}<\/script>\n<!-- \/ Yoast SEO plugin. -->","yoast_head_json":{"title":"Ficus carica 'Grise de tarascon' Figuier, pot de 2 litres achat | Plantes commande en ligne facile | Schramas.com","robots":{"index":"index","follow":"follow","max-snippet":"max-snippet:-1","max-image-preview":"max-image-preview:large","max-video-preview":"max-video-preview:-1"},"canonical":"https:\/\/www.schramas.com\/fr\/boutique\/ficus-carica-grise-de-tarascon-figuier-pot-2-litres\/","og_locale":"fr_FR","og_type":"article","og_title":"Ficus carica 'Grise de tarascon' Vijgenboom, 2 liter pot kopen | Planten eenvoudig online bestellen | Schramas.com","og_description":"Ficus carica \"Grise de tarascon\"  Smaak: zoet  Kleur: paarsbruine vruchten  Hoogte max.: ca. 4 meter  Leverhoogte incl. pot: ca. 60 cm  Potmaat: 2 liter  Geschikt voor zowel balkon, patio als volle grond","og_url":"https:\/\/www.schramas.com\/fr\/boutique\/ficus-carica-grise-de-tarascon-figuier-pot-2-litres\/","og_site_name":"Planten eenvoudig online bestellen | Schramas.com","article_publisher":"https:\/\/www.facebook.com\/Schramascom-106872874153195\/","article_modified_time":"2026-08-13T07:14:51+00:00","og_image":[{"width":1600,"height":1600,"url":"http:\/\/www.schramas.com\/wp-content\/uploads\/2022\/07\/Grise-de-tarascon-sfeer-new.jpg","type":"image\/jpeg"}],"twitter_card":"summary_large_image","twitter_misc":{"Dur\u00e9e de lecture estim\u00e9e":"1 minute"},"schema":{"@context":"https:\/\/schema.org","@graph":[{"@type":["WebPage","ItemPage"],"@id":"https:\/\/www.schramas.com\/winkel\/ficus-carica-grise-de-tarascon-vijgenboom-2-liter-pot\/","url":"https:\/\/www.schramas.com\/winkel\/ficus-carica-grise-de-tarascon-vijgenboom-2-liter-pot\/","name":"Ficus carica 'Grise de tarascon' Figuier, pot de 2 litres achat | Plantes commande en ligne facile | Schramas.com","isPartOf":{"@id":"https:\/\/www.schramas.com\/#website"},"primaryImageOfPage":{"@id":"https:\/\/www.schramas.com\/winkel\/ficus-carica-grise-de-tarascon-vijgenboom-2-liter-pot\/#primaryimage"},"image":{"@id":"https:\/\/www.schramas.com\/winkel\/ficus-carica-grise-de-tarascon-vijgenboom-2-liter-pot\/#primaryimage"},"thumbnailUrl":"https:\/\/www.schramas.com\/wp-content\/uploads\/2022\/07\/Grise-de-tarascon-sfeer-new.jpg","datePublished":"2022-07-11T14:38:14+00:00","dateModified":"2026-08-13T07:14:51+00:00","breadcrumb":{"@id":"https:\/\/www.schramas.com\/winkel\/ficus-carica-grise-de-tarascon-vijgenboom-2-liter-pot\/#breadcrumb"},"inLanguage":"fr-FR","potentialAction":[{"@type":"ReadAction","target":["https:\/\/www.schramas.com\/winkel\/ficus-carica-grise-de-tarascon-vijgenboom-2-liter-pot\/"]}]},{"@type":"ImageObject","inLanguage":"fr-FR","@id":"https:\/\/www.schramas.com\/winkel\/ficus-carica-grise-de-tarascon-vijgenboom-2-liter-pot\/#primaryimage","url":"https:\/\/www.schramas.com\/wp-content\/uploads\/2022\/07\/Grise-de-tarascon-sfeer-new.jpg","contentUrl":"https:\/\/www.schramas.com\/wp-content\/uploads\/2022\/07\/Grise-de-tarascon-sfeer-new.jpg","width":1600,"height":1600},{"@type":"BreadcrumbList","@id":"https:\/\/www.schramas.com\/winkel\/ficus-carica-grise-de-tarascon-vijgenboom-2-liter-pot\/#breadcrumb","itemListElement":[{"@type":"ListItem","position":1,"name":"Product","item":"https:\/\/www.schramas.com\/assortiment\/"},{"@type":"ListItem","position":2,"name":"Bomen &amp; Struiken","item":"https:\/\/www.schramas.com\/product-category\/bomen-struiken\/"},{"@type":"ListItem","position":3,"name":"Ficus carica &#8216;Grise de tarascon&#8217; Vijgenboom, 2 liter pot"}]},{"@type":"WebSite","@id":"https:\/\/www.schramas.com\/#website","url":"https:\/\/www.schramas.com\/","name":"Schramas.com | Plantes de jardin faciles \u00e0 commander en ligne | En direct de notre p\u00e9pini\u00e8re","description":"","alternateName":"Schramas.com - Alle planten direct van de kweker","potentialAction":[{"@type":"SearchAction","target":{"@type":"EntryPoint","urlTemplate":"https:\/\/www.schramas.com\/?s={search_term_string}"},"query-input":{"@type":"PropertyValueSpecification","valueRequired":true,"valueName":"search_term_string"}}],"inLanguage":"fr-FR"}]}},"_links":{"self":[{"href":"https:\/\/www.schramas.com\/fr\/wp-json\/wp\/v2\/product\/19815","targetHints":{"allow":["GET"]}}],"collection":[{"href":"https:\/\/www.schramas.com\/fr\/wp-json\/wp\/v2\/product"}],"about":[{"href":"https:\/\/www.schramas.com\/fr\/wp-json\/wp\/v2\/types\/product"}],"version-history":[{"count":1,"href":"https:\/\/www.schramas.com\/fr\/wp-json\/wp\/v2\/product\/19815\/revisions"}],"predecessor-version":[{"id":44746,"href":"https:\/\/www.schramas.com\/fr\/wp-json\/wp\/v2\/product\/19815\/revisions\/44746"}],"wp:featuredmedia":[{"embeddable":true,"href":"https:\/\/www.schramas.com\/fr\/wp-json\/wp\/v2\/media\/28455"}],"wp:attachment":[{"href":"https:\/\/www.schramas.com\/fr\/wp-json\/wp\/v2\/media?parent=19815"}],"wp:term":[{"taxonomy":"product_brand","embeddable":true,"href":"https:\/\/www.schramas.com\/fr\/wp-json\/wp\/v2\/product_brand?post=19815"},{"taxonomy":"product_cat","embeddable":true,"href":"https:\/\/www.schramas.com\/fr\/wp-json\/wp\/v2\/product_cat?post=19815"},{"taxonomy":"product_tag","embeddable":true,"href":"https:\/\/www.schramas.com\/fr\/wp-json\/wp\/v2\/product_tag?post=19815"}],"curies":[{"name":"wp","href":"https:\/\/api.w.org\/{rel}","templated":true}]}}

<p>Cette variété Ficus carica 'Grise de tarascon' est un figuier vigoureux et productif, avec de gros fruits fermes et sucrés de couleur brun pourpre à chair rose. Ces figues sont bonnes à consommer fraîches, à sécher et à confire.</p>
<p>Ficus carica "Grise de tarascon" résiste au gel jusqu'à -15°C. Le figuier est facile à cultiver et résiste aux maladies.</p>

<p>Ficus carica "Grise de tarascon"</p>
<p>Goût : doux</p>
<p>Couleur : fruits pourpres-bruns</p>
<p>Hauteur maximale : environ 4 mètres</p>
<p>Hauteur de livraison, pot compris : environ 60 cm</p>
<p>Taille du pot : 2 litres</p>
<p>Convient pour les balcons, les terrasses et les espaces verts.</p>

<!-- This site is optimized with the Yoast SEO plugin v24.2 - https://yoast.com/wordpress/plugins/seo/ -->
<title>Ficus carica &#039;Grise de tarascon&#039; Vijgenboom, 2 liter pot kopen | Planten eenvoudig online bestellen | Schramas.com</title>
<meta name="robots" content="index, follow, max-snippet:-1, max-image-preview:large, max-video-preview:-1" />
<link rel="canonical" href="https://www.schramas.com/fr/boutique/ficus-carica-grise-de-tarascon-figuier-pot-2-litres/" />
<meta property="og:locale" content="fr_FR" />
<meta property="og:type" content="article" />
<meta property="og:title" content="Ficus carica &#039;Grise de tarascon&#039; Vijgenboom, 2 liter pot kopen | Planten eenvoudig online bestellen | Schramas.com" />
<meta property="og:description" content="Ficus carica &quot;Grise de tarascon&quot;  Smaak: zoet  Kleur: paarsbruine vruchten  Hoogte max.: ca. 4 meter  Leverhoogte incl. pot: ca. 60 cm  Potmaat: 2 liter  Geschikt voor zowel balkon, patio als volle grond" />
<meta property="og:url" content="https://www.schramas.com/fr/boutique/ficus-carica-grise-de-tarascon-figuier-pot-2-litres/" />
<meta property="og:site_name" content="Planten eenvoudig online bestellen | Schramas.com" />
<meta property="article:publisher" content="https://www.facebook.com/Schramascom-106872874153195/" />
<meta property="article:modified_time" content="2026-08-13T07:14:51+00:00" />
<meta property="og:image" content="http://www.schramas.com/wp-content/uploads/2022/07/Grise-de-tarascon-sfeer-new.jpg" />
	<meta property="og:image:width" content="1600" />
	<meta property="og:image:height" content="1600" />
	<meta property="og:image:type" content="image/jpeg" />
<meta name="twitter:card" content="summary_large_image" />
<meta name="twitter:label1" content="Durée de lecture estimée" />
	<meta name="twitter:data1" content="1 minute" />
<script type="application/ld+json" class="yoast-schema-graph">{"@context":"https://schema.org","@graph":[{"@type":["WebPage","ItemPage"],"@id":"https://www.schramas.com/winkel/ficus-carica-grise-de-tarascon-vijgenboom-2-liter-pot/","url":"https://www.schramas.com/winkel/ficus-carica-grise-de-tarascon-vijgenboom-2-liter-pot/","name":"Ficus carica 'Grise de tarascon' Vijgenboom, 2 liter pot kopen | Planten eenvoudig online bestellen | Schramas.com","isPartOf":{"@id":"https://www.schramas.com/#website"},"primaryImageOfPage":{"@id":"https://www.schramas.com/winkel/ficus-carica-grise-de-tarascon-vijgenboom-2-liter-pot/#primaryimage"},"image":{"@id":"https://www.schramas.com/winkel/ficus-carica-grise-de-tarascon-vijgenboom-2-liter-pot/#primaryimage"},"thumbnailUrl":"https://www.schramas.com/wp-content/uploads/2022/07/Grise-de-tarascon-sfeer-new.jpg","datePublished":"2022-07-11T14:38:14+00:00","dateModified":"2026-08-13T07:14:51+00:00","breadcrumb":{"@id":"https://www.schramas.com/winkel/ficus-carica-grise-de-tarascon-vijgenboom-2-liter-pot/#breadcrumb"},"inLanguage":"fr-FR","potentialAction":[{"@type":"ReadAction","target":["https://www.schramas.com/winkel/ficus-carica-grise-de-tarascon-vijgenboom-2-liter-pot/"]}]},{"@type":"ImageObject","inLanguage":"fr-FR","@id":"https://www.schramas.com/winkel/ficus-carica-grise-de-tarascon-vijgenboom-2-liter-pot/#primaryimage","url":"https://www.schramas.com/wp-content/uploads/2022/07/Grise-de-tarascon-sfeer-new.jpg","contentUrl":"https://www.schramas.com/wp-content/uploads/2022/07/Grise-de-tarascon-sfeer-new.jpg","width":1600,"height":1600},{"@type":"BreadcrumbList","@id":"https://www.schramas.com/winkel/ficus-carica-grise-de-tarascon-vijgenboom-2-liter-pot/#breadcrumb","itemListElement":[{"@type":"ListItem","position":1,"name":"Product","item":"https://www.schramas.com/assortiment/"},{"@type":"ListItem","position":2,"name":"Bomen &amp; Struiken","item":"https://www.schramas.com/product-category/bomen-struiken/"},{"@type":"ListItem","position":3,"name":"Ficus carica &#8216;Grise de tarascon&#8217; Vijgenboom, 2 liter pot"}]},{"@type":"WebSite","@id":"https://www.schramas.com/#website","url":"https://www.schramas.com/","name":"Schramas.com | Tuinplanten eenvoudig online bestellen | Direct van onze Kwekerij","description":"","alternateName":"Schramas.com - Alle planten direct van de kweker","potentialAction":[{"@type":"SearchAction","target":{"@type":"EntryPoint","urlTemplate":"https://www.schramas.com/?s={search_term_string}"},"query-input":{"@type":"PropertyValueSpecification","valueRequired":true,"valueName":"search_term_string"}}],"inLanguage":"fr-FR"}]}</script>
<!-- / Yoast SEO plugin. -->

Schramas.com | Plantes de jardin faciles à commander en ligne | En direct de notre pépinière
