{"id":8144,"date":"2019-11-18T13:52:04","date_gmt":"2019-11-18T12:52:04","guid":{"rendered":"https:\/\/www.schramas.com\/?post_type=product&#038;p=8144"},"modified":"2026-02-19T10:34:29","modified_gmt":"2026-02-19T09:34:29","slug":"prunus-garnem","status":"publish","type":"product","link":"https:\/\/www.schramas.com\/fr\/winkel\/prunus-garnem\/","title":{"rendered":"Prunus Garnem &lt;8mm planting stock"},"content":{"rendered":"<p>Le Prunus Garnem est un porte-greffe s\u00e9lectionn\u00e9 issu du croisement de la vari\u00e9t\u00e9 d&#039;amande espagnole &#039;Garfi&#039; et du p\u00eacher nord-am\u00e9ricain &#039;Nemared&#039;. Ce porte-greffe b\u00e9n\u00e9ficie du droit de marque communautaire europ\u00e9en sous le num\u00e9ro 16363 et est principalement utilis\u00e9 pour les vari\u00e9t\u00e9s d&#039;amandes, de p\u00eaches et de nectarines. Garnem a \u00e9t\u00e9 choisi pour son excellente compatibilit\u00e9 de greffage, offrant de tr\u00e8s bonnes performances aussi bien en p\u00e9pini\u00e8re qu&#039;en champ.<\/p>\n<p>Caract\u00e9ristiques principales :<br \/>\nVigueur de croissance et port de croissance : Le porte-greffe Garnem a une forte vigueur de croissance comparable voire sup\u00e9rieure au GF677. Les plantes poussent verticalement avec peu ou pas de ramifications au cours de la premi\u00e8re saison de croissance, ce qui facilite leur formation pour une bonne structure arborescente.<br \/>\nCaract\u00e9ristiques des feuilles : Les feuilles sont grandes et rouges, avec un caract\u00e8re interm\u00e9diaire d&#039;amande et de p\u00eache, ce qui donne au porte-greffe un aspect unique. Ces feuilles contribuent \u00e0 la croissance robuste de la plante.<br \/>\nPourcentage \u00e9lev\u00e9 de bourgeons : Garnem a un pourcentage \u00e9lev\u00e9 de r\u00e9ussite dans le greffage de toutes les vari\u00e9t\u00e9s connues de p\u00eachers, de nectarines et d&#039;amandes. Cela en fait un excellent choix pour les greffes et microgreffes de printemps et d\u2019\u00e9t\u00e9.<br \/>\nTol\u00e9rance \u00e0 la s\u00e9cheresse : Ce porte-greffe a une excellente tol\u00e9rance \u00e0 la s\u00e9cheresse et aux sols pauvres, ce qui le rend id\u00e9al pour les zones aux ressources en eau limit\u00e9es. Bien que la tol\u00e9rance \u00e0 la chlorose ferrique soit inf\u00e9rieure \u00e0 celle du GF677, le Garnem se comporte bien dans les situations de replantation.<br \/>\nTol\u00e9rance aux n\u00e9matodes\u00a0: Garnem pr\u00e9sente une bonne tol\u00e9rance aux n\u00e9matodes \u00e0 galles les plus importants qui attaquent les prunus, tels que Meloidogyne Arenaria, M. hispanica, M. incognita et M. javanica. Cela en fait un bon choix pour les sols o\u00f9 les n\u00e9matodes peuvent poser probl\u00e8me.<br \/>\n\u00c9vitement d&#039;une croissance excessive\u00a0: Les plantes greff\u00e9es sur Garnem ont une vigueur plus \u00e9lev\u00e9e que celles greff\u00e9es sur GF677 et n\u00e9cessitent une taille d&#039;\u00e9t\u00e9 pour \u00e9viter une croissance excessive des pousses et l&#039;ombrage de la couronne, qui peuvent autrement nuire \u00e0 la taille et \u00e0 la qualit\u00e9 des fruits.<br \/>\nLimites\u00a0:<br \/>\nTol\u00e9rance \u00e0 l&#039;asphyxie : Garnem est moins tol\u00e9rant \u00e0 l&#039;engorgement que le GF677, ce qui est important \u00e0 consid\u00e9rer dans les zones aux sols lourds sujets \u00e0 la saturation en eau.<br \/>\nSensibilit\u00e9 \u00e0 la galle du collet\u00a0: Ce porte-greffe est sensible \u00e0 la galle du collet caus\u00e9e par Agrobacterium tumefaciens, une maladie qui peut endommager les racines et le tronc de l&#039;arbre.<br \/>\nApplication :<br \/>\nLe porte-greffe Prunus Garnem est id\u00e9al pour la culture intensive de p\u00eaches, nectarines et amandes, notamment dans les situations de probl\u00e8mes de n\u00e9matodes. Bien que moins adapt\u00e9 aux sols satur\u00e9s d\u2019eau ou calcaires, il offre des avantages significatifs dans les zones sujettes \u00e0 la s\u00e9cheresse ou dans les sols mal drain\u00e9s.<\/p>","protected":false},"excerpt":{"rendered":"<p>Porte-greffe \u00e0 forte croissance adapt\u00e9 \u00e0 la p\u00eache et \u00e0 la nectarine.<\/p>","protected":false},"featured_media":8099,"template":"","meta":{"_joinchat":[]},"product_brand":[],"product_cat":[264],"product_tag":[577,568,576,1015,571],"class_list":{"0":"post-8144","1":"product","2":"type-product","3":"status-publish","4":"has-post-thumbnail","6":"product_cat-prunus","7":"product_tag-en-japanse-pruim","8":"product_tag-onderstam","9":"product_tag-perzik","10":"product_tag-rootstock","11":"product_tag-zwak-groeiend","13":"first","14":"outofstock","15":"taxable","16":"shipping-taxable","17":"purchasable","18":"product-type-simple"},"yoast_head":"<!-- This site is optimized with the Yoast SEO plugin v24.2 - https:\/\/yoast.com\/wordpress\/plugins\/seo\/ -->\n<title>Prunus Garnem<\/title>\n<meta name=\"robots\" content=\"index, follow, max-snippet:-1, max-image-preview:large, max-video-preview:-1\" \/>\n<link rel=\"canonical\" href=\"https:\/\/www.schramas.com\/fr\/boutique\/prunus-garnem\/\" \/>\n<meta property=\"og:locale\" content=\"fr_FR\" \/>\n<meta property=\"og:type\" content=\"article\" \/>\n<meta property=\"og:title\" content=\"Prunus Garnem\" \/>\n<meta property=\"og:description\" content=\"Sterkgroeiende\u00a0 onderstam geschikt voor perzik en nectarine.\" \/>\n<meta property=\"og:url\" content=\"https:\/\/www.schramas.com\/fr\/boutique\/prunus-garnem\/\" \/>\n<meta property=\"og:site_name\" content=\"Planten eenvoudig online bestellen | Schramas.com\" \/>\n<meta property=\"article:publisher\" content=\"https:\/\/www.facebook.com\/Schramascom-106872874153195\/\" \/>\n<meta property=\"article:modified_time\" content=\"2026-02-19T09:34:29+00:00\" \/>\n<meta property=\"og:image\" content=\"http:\/\/www.schramas.com\/wp-content\/uploads\/2019\/11\/GARNEM-scaled.jpg\" \/>\n\t<meta property=\"og:image:width\" content=\"2560\" \/>\n\t<meta property=\"og:image:height\" content=\"1714\" \/>\n\t<meta property=\"og:image:type\" content=\"image\/jpeg\" \/>\n<meta name=\"twitter:card\" content=\"summary_large_image\" \/>\n<meta name=\"twitter:label1\" content=\"Dur\u00e9e de lecture estim\u00e9e\" \/>\n\t<meta name=\"twitter:data1\" content=\"2 minutes\" \/>\n<script type=\"application\/ld+json\" class=\"yoast-schema-graph\">{\"@context\":\"https:\/\/schema.org\",\"@graph\":[{\"@type\":[\"WebPage\",\"ItemPage\"],\"@id\":\"https:\/\/www.schramas.com\/winkel\/prunus-garnem\/\",\"url\":\"https:\/\/www.schramas.com\/winkel\/prunus-garnem\/\",\"name\":\"Prunus Garnem\",\"isPartOf\":{\"@id\":\"https:\/\/www.schramas.com\/#website\"},\"primaryImageOfPage\":{\"@id\":\"https:\/\/www.schramas.com\/winkel\/prunus-garnem\/#primaryimage\"},\"image\":{\"@id\":\"https:\/\/www.schramas.com\/winkel\/prunus-garnem\/#primaryimage\"},\"thumbnailUrl\":\"https:\/\/www.schramas.com\/wp-content\/uploads\/2019\/11\/GARNEM-scaled.jpg\",\"datePublished\":\"2019-11-18T12:52:04+00:00\",\"dateModified\":\"2026-02-19T09:34:29+00:00\",\"breadcrumb\":{\"@id\":\"https:\/\/www.schramas.com\/winkel\/prunus-garnem\/#breadcrumb\"},\"inLanguage\":\"fr-FR\",\"potentialAction\":[{\"@type\":\"ReadAction\",\"target\":[\"https:\/\/www.schramas.com\/winkel\/prunus-garnem\/\"]}]},{\"@type\":\"ImageObject\",\"inLanguage\":\"fr-FR\",\"@id\":\"https:\/\/www.schramas.com\/winkel\/prunus-garnem\/#primaryimage\",\"url\":\"https:\/\/www.schramas.com\/wp-content\/uploads\/2019\/11\/GARNEM-scaled.jpg\",\"contentUrl\":\"https:\/\/www.schramas.com\/wp-content\/uploads\/2019\/11\/GARNEM-scaled.jpg\",\"width\":2560,\"height\":1714,\"caption\":\"????????????????????????????????????\"},{\"@type\":\"BreadcrumbList\",\"@id\":\"https:\/\/www.schramas.com\/winkel\/prunus-garnem\/#breadcrumb\",\"itemListElement\":[{\"@type\":\"ListItem\",\"position\":1,\"name\":\"Product\",\"item\":\"https:\/\/www.schramas.com\/assortiment\/\"},{\"@type\":\"ListItem\",\"position\":2,\"name\":\"Zelf kweken \/ Onderstammen\",\"item\":\"https:\/\/www.schramas.com\/product-category\/zelf-kweken\/\"},{\"@type\":\"ListItem\",\"position\":3,\"name\":\"Onderstammen voor pruimen, kersen, abrikozen, nectarines en perziken\",\"item\":\"https:\/\/www.schramas.com\/product-category\/zelf-kweken\/prunus\/\"},{\"@type\":\"ListItem\",\"position\":4,\"name\":\"Prunus Garnem\"}]},{\"@type\":\"WebSite\",\"@id\":\"https:\/\/www.schramas.com\/#website\",\"url\":\"https:\/\/www.schramas.com\/\",\"name\":\"Schramas.com | Tuinplanten eenvoudig online bestellen | Direct van onze Kwekerij\",\"description\":\"\",\"alternateName\":\"Schramas.com - Alle planten direct van de kweker\",\"potentialAction\":[{\"@type\":\"SearchAction\",\"target\":{\"@type\":\"EntryPoint\",\"urlTemplate\":\"https:\/\/www.schramas.com\/?s={search_term_string}\"},\"query-input\":{\"@type\":\"PropertyValueSpecification\",\"valueRequired\":true,\"valueName\":\"search_term_string\"}}],\"inLanguage\":\"fr-FR\"}]}<\/script>\n<!-- \/ Yoast SEO plugin. -->","yoast_head_json":{"title":"Prunus Garnem","robots":{"index":"index","follow":"follow","max-snippet":"max-snippet:-1","max-image-preview":"max-image-preview:large","max-video-preview":"max-video-preview:-1"},"canonical":"https:\/\/www.schramas.com\/fr\/boutique\/prunus-garnem\/","og_locale":"fr_FR","og_type":"article","og_title":"Prunus Garnem","og_description":"Sterkgroeiende\u00a0 onderstam geschikt voor perzik en nectarine.","og_url":"https:\/\/www.schramas.com\/fr\/boutique\/prunus-garnem\/","og_site_name":"Planten eenvoudig online bestellen | Schramas.com","article_publisher":"https:\/\/www.facebook.com\/Schramascom-106872874153195\/","article_modified_time":"2026-02-19T09:34:29+00:00","og_image":[{"width":2560,"height":1714,"url":"http:\/\/www.schramas.com\/wp-content\/uploads\/2019\/11\/GARNEM-scaled.jpg","type":"image\/jpeg"}],"twitter_card":"summary_large_image","twitter_misc":{"Dur\u00e9e de lecture estim\u00e9e":"2 minutes"},"schema":{"@context":"https:\/\/schema.org","@graph":[{"@type":["WebPage","ItemPage"],"@id":"https:\/\/www.schramas.com\/winkel\/prunus-garnem\/","url":"https:\/\/www.schramas.com\/winkel\/prunus-garnem\/","name":"Prunus Garnem","isPartOf":{"@id":"https:\/\/www.schramas.com\/#website"},"primaryImageOfPage":{"@id":"https:\/\/www.schramas.com\/winkel\/prunus-garnem\/#primaryimage"},"image":{"@id":"https:\/\/www.schramas.com\/winkel\/prunus-garnem\/#primaryimage"},"thumbnailUrl":"https:\/\/www.schramas.com\/wp-content\/uploads\/2019\/11\/GARNEM-scaled.jpg","datePublished":"2019-11-18T12:52:04+00:00","dateModified":"2026-02-19T09:34:29+00:00","breadcrumb":{"@id":"https:\/\/www.schramas.com\/winkel\/prunus-garnem\/#breadcrumb"},"inLanguage":"fr-FR","potentialAction":[{"@type":"ReadAction","target":["https:\/\/www.schramas.com\/winkel\/prunus-garnem\/"]}]},{"@type":"ImageObject","inLanguage":"fr-FR","@id":"https:\/\/www.schramas.com\/winkel\/prunus-garnem\/#primaryimage","url":"https:\/\/www.schramas.com\/wp-content\/uploads\/2019\/11\/GARNEM-scaled.jpg","contentUrl":"https:\/\/www.schramas.com\/wp-content\/uploads\/2019\/11\/GARNEM-scaled.jpg","width":2560,"height":1714,"caption":"????????????????????????????????????"},{"@type":"BreadcrumbList","@id":"https:\/\/www.schramas.com\/winkel\/prunus-garnem\/#breadcrumb","itemListElement":[{"@type":"ListItem","position":1,"name":"Product","item":"https:\/\/www.schramas.com\/assortiment\/"},{"@type":"ListItem","position":2,"name":"Zelf kweken \/ Onderstammen","item":"https:\/\/www.schramas.com\/product-category\/zelf-kweken\/"},{"@type":"ListItem","position":3,"name":"Onderstammen voor pruimen, kersen, abrikozen, nectarines en perziken","item":"https:\/\/www.schramas.com\/product-category\/zelf-kweken\/prunus\/"},{"@type":"ListItem","position":4,"name":"Prunus Garnem"}]},{"@type":"WebSite","@id":"https:\/\/www.schramas.com\/#website","url":"https:\/\/www.schramas.com\/","name":"Schramas.com | Plantes de jardin faciles \u00e0 commander en ligne | En direct de notre p\u00e9pini\u00e8re","description":"","alternateName":"Schramas.com - Alle planten direct van de kweker","potentialAction":[{"@type":"SearchAction","target":{"@type":"EntryPoint","urlTemplate":"https:\/\/www.schramas.com\/?s={search_term_string}"},"query-input":{"@type":"PropertyValueSpecification","valueRequired":true,"valueName":"search_term_string"}}],"inLanguage":"fr-FR"}]}},"_links":{"self":[{"href":"https:\/\/www.schramas.com\/fr\/wp-json\/wp\/v2\/product\/8144","targetHints":{"allow":["GET"]}}],"collection":[{"href":"https:\/\/www.schramas.com\/fr\/wp-json\/wp\/v2\/product"}],"about":[{"href":"https:\/\/www.schramas.com\/fr\/wp-json\/wp\/v2\/types\/product"}],"version-history":[{"count":2,"href":"https:\/\/www.schramas.com\/fr\/wp-json\/wp\/v2\/product\/8144\/revisions"}],"predecessor-version":[{"id":59888,"href":"https:\/\/www.schramas.com\/fr\/wp-json\/wp\/v2\/product\/8144\/revisions\/59888"}],"wp:featuredmedia":[{"embeddable":true,"href":"https:\/\/www.schramas.com\/fr\/wp-json\/wp\/v2\/media\/8099"}],"wp:attachment":[{"href":"https:\/\/www.schramas.com\/fr\/wp-json\/wp\/v2\/media?parent=8144"}],"wp:term":[{"taxonomy":"product_brand","embeddable":true,"href":"https:\/\/www.schramas.com\/fr\/wp-json\/wp\/v2\/product_brand?post=8144"},{"taxonomy":"product_cat","embeddable":true,"href":"https:\/\/www.schramas.com\/fr\/wp-json\/wp\/v2\/product_cat?post=8144"},{"taxonomy":"product_tag","embeddable":true,"href":"https:\/\/www.schramas.com\/fr\/wp-json\/wp\/v2\/product_tag?post=8144"}],"curies":[{"name":"wp","href":"https:\/\/api.w.org\/{rel}","templated":true}]}}

<p>Le Prunus Garnem est un porte-greffe sélectionné issu du croisement de la variété d&#039;amande espagnole &#039;Garfi&#039; et du pêcher nord-américain &#039;Nemared&#039;. Ce porte-greffe bénéficie du droit de marque communautaire européen sous le numéro 16363 et est principalement utilisé pour les variétés d&#039;amandes, de pêches et de nectarines. Garnem a été choisi pour son excellente compatibilité de greffage, offrant de très bonnes performances aussi bien en pépinière qu&#039;en champ.</p>
<p>Caractéristiques principales :<br />
Vigueur de croissance et port de croissance : Le porte-greffe Garnem a une forte vigueur de croissance comparable voire supérieure au GF677. Les plantes poussent verticalement avec peu ou pas de ramifications au cours de la première saison de croissance, ce qui facilite leur formation pour une bonne structure arborescente.<br />
Caractéristiques des feuilles : Les feuilles sont grandes et rouges, avec un caractère intermédiaire d&#039;amande et de pêche, ce qui donne au porte-greffe un aspect unique. Ces feuilles contribuent à la croissance robuste de la plante.<br />
Pourcentage élevé de bourgeons : Garnem a un pourcentage élevé de réussite dans le greffage de toutes les variétés connues de pêchers, de nectarines et d&#039;amandes. Cela en fait un excellent choix pour les greffes et microgreffes de printemps et d’été.<br />
Tolérance à la sécheresse : Ce porte-greffe a une excellente tolérance à la sécheresse et aux sols pauvres, ce qui le rend idéal pour les zones aux ressources en eau limitées. Bien que la tolérance à la chlorose ferrique soit inférieure à celle du GF677, le Garnem se comporte bien dans les situations de replantation.<br />
Tolérance aux nématodes : Garnem présente une bonne tolérance aux nématodes à galles les plus importants qui attaquent les prunus, tels que Meloidogyne Arenaria, M. hispanica, M. incognita et M. javanica. Cela en fait un bon choix pour les sols où les nématodes peuvent poser problème.<br />
Évitement d&#039;une croissance excessive : Les plantes greffées sur Garnem ont une vigueur plus élevée que celles greffées sur GF677 et nécessitent une taille d&#039;été pour éviter une croissance excessive des pousses et l&#039;ombrage de la couronne, qui peuvent autrement nuire à la taille et à la qualité des fruits.<br />
Limites :<br />
Tolérance à l&#039;asphyxie : Garnem est moins tolérant à l&#039;engorgement que le GF677, ce qui est important à considérer dans les zones aux sols lourds sujets à la saturation en eau.<br />
Sensibilité à la galle du collet : Ce porte-greffe est sensible à la galle du collet causée par Agrobacterium tumefaciens, une maladie qui peut endommager les racines et le tronc de l&#039;arbre.<br />
Application :<br />
Le porte-greffe Prunus Garnem est idéal pour la culture intensive de pêches, nectarines et amandes, notamment dans les situations de problèmes de nématodes. Bien que moins adapté aux sols saturés d’eau ou calcaires, il offre des avantages significatifs dans les zones sujettes à la sécheresse ou dans les sols mal drainés.</p>

<p>Porte-greffe à forte croissance adapté à la pêche et à la nectarine.</p>

<!-- This site is optimized with the Yoast SEO plugin v24.2 - https://yoast.com/wordpress/plugins/seo/ -->
<title>Prunus Garnem</title>
<meta name="robots" content="index, follow, max-snippet:-1, max-image-preview:large, max-video-preview:-1" />
<link rel="canonical" href="https://www.schramas.com/fr/boutique/prunus-garnem/" />
<meta property="og:locale" content="fr_FR" />
<meta property="og:type" content="article" />
<meta property="og:title" content="Prunus Garnem" />
<meta property="og:description" content="Sterkgroeiende  onderstam geschikt voor perzik en nectarine." />
<meta property="og:url" content="https://www.schramas.com/fr/boutique/prunus-garnem/" />
<meta property="og:site_name" content="Planten eenvoudig online bestellen | Schramas.com" />
<meta property="article:publisher" content="https://www.facebook.com/Schramascom-106872874153195/" />
<meta property="article:modified_time" content="2026-02-19T09:34:29+00:00" />
<meta property="og:image" content="http://www.schramas.com/wp-content/uploads/2019/11/GARNEM-scaled.jpg" />
	<meta property="og:image:width" content="2560" />
	<meta property="og:image:height" content="1714" />
	<meta property="og:image:type" content="image/jpeg" />
<meta name="twitter:card" content="summary_large_image" />
<meta name="twitter:label1" content="Durée de lecture estimée" />
	<meta name="twitter:data1" content="2 minutes" />
<script type="application/ld+json" class="yoast-schema-graph">{"@context":"https://schema.org","@graph":[{"@type":["WebPage","ItemPage"],"@id":"https://www.schramas.com/winkel/prunus-garnem/","url":"https://www.schramas.com/winkel/prunus-garnem/","name":"Prunus Garnem","isPartOf":{"@id":"https://www.schramas.com/#website"},"primaryImageOfPage":{"@id":"https://www.schramas.com/winkel/prunus-garnem/#primaryimage"},"image":{"@id":"https://www.schramas.com/winkel/prunus-garnem/#primaryimage"},"thumbnailUrl":"https://www.schramas.com/wp-content/uploads/2019/11/GARNEM-scaled.jpg","datePublished":"2019-11-18T12:52:04+00:00","dateModified":"2026-02-19T09:34:29+00:00","breadcrumb":{"@id":"https://www.schramas.com/winkel/prunus-garnem/#breadcrumb"},"inLanguage":"fr-FR","potentialAction":[{"@type":"ReadAction","target":["https://www.schramas.com/winkel/prunus-garnem/"]}]},{"@type":"ImageObject","inLanguage":"fr-FR","@id":"https://www.schramas.com/winkel/prunus-garnem/#primaryimage","url":"https://www.schramas.com/wp-content/uploads/2019/11/GARNEM-scaled.jpg","contentUrl":"https://www.schramas.com/wp-content/uploads/2019/11/GARNEM-scaled.jpg","width":2560,"height":1714,"caption":"????????????????????????????????????"},{"@type":"BreadcrumbList","@id":"https://www.schramas.com/winkel/prunus-garnem/#breadcrumb","itemListElement":[{"@type":"ListItem","position":1,"name":"Product","item":"https://www.schramas.com/assortiment/"},{"@type":"ListItem","position":2,"name":"Zelf kweken / Onderstammen","item":"https://www.schramas.com/product-category/zelf-kweken/"},{"@type":"ListItem","position":3,"name":"Onderstammen voor pruimen, kersen, abrikozen, nectarines en perziken","item":"https://www.schramas.com/product-category/zelf-kweken/prunus/"},{"@type":"ListItem","position":4,"name":"Prunus Garnem"}]},{"@type":"WebSite","@id":"https://www.schramas.com/#website","url":"https://www.schramas.com/","name":"Schramas.com | Tuinplanten eenvoudig online bestellen | Direct van onze Kwekerij","description":"","alternateName":"Schramas.com - Alle planten direct van de kweker","potentialAction":[{"@type":"SearchAction","target":{"@type":"EntryPoint","urlTemplate":"https://www.schramas.com/?s={search_term_string}"},"query-input":{"@type":"PropertyValueSpecification","valueRequired":true,"valueName":"search_term_string"}}],"inLanguage":"fr-FR"}]}</script>
<!-- / Yoast SEO plugin. -->

Schramas.com | Plantes de jardin faciles à commander en ligne | En direct de notre pépinière
