{"id":19805,"date":"2022-07-11T16:16:44","date_gmt":"2022-07-11T14:16:44","guid":{"rendered":"https:\/\/www.schramas.com\/?post_type=product&#038;p=19805"},"modified":"2026-03-26T16:35:00","modified_gmt":"2026-03-26T15:35:00","slug":"ficus-carica-noir-karomben-fikontrad-2-liters-kruka","status":"publish","type":"product","link":"https:\/\/www.schramas.com\/se\/winkel\/ficus-carica-noir-de-caromb-vijgenboom-2-liter-pot\/","title":{"rendered":"Ficus carica 'Noir de Caromb' Fikontr\u00e4d, 2-liters kruka"},"content":{"rendered":"<p>Denna sort Ficus carica &#039;Noir de Caromb&#039; \u00e4r ett kraftigt och produktivt fikontr\u00e4d som kan b\u00e4ra fikon tv\u00e5 g\u00e5nger om \u00e5ret. Dessa sm\u00e5 s\u00f6ta fikon har ett lila-r\u00f6tt skal och \u00e4r l\u00e4mpliga att \u00e4ta f\u00e4rska, torka och g\u00f6ra sylt.<\/p>\n<p>Ficus carica &quot;Noir de Caromb&quot; \u00e4r motst\u00e5ndskraftig mot frysning ner till -15\u00b0C. Fikontr\u00e4det \u00e4r l\u00e4tt att odla och \u00e4r resistent mot sjukdomar.<\/p>","protected":false},"excerpt":{"rendered":"<p>Ficus carica &quot;Noir de Caromb&quot;<\/p>\n<p>Smak: s\u00f6t<\/p>\n<p>F\u00e4rg: lila-r\u00f6da frukter<\/p>\n<p>Max h\u00f6jd: ca 4 meter<\/p>\n<p>Leveransh\u00f6jd inkl. kruka: ca 60 cm<\/p>\n<p>Krukstorlek: 2 liter<\/p>\n<p>L\u00e4mplig f\u00f6r b\u00e5de balkong, uteplats och \u00f6ppen mark<\/p>","protected":false},"featured_media":20006,"template":"","meta":{"_joinchat":[]},"product_brand":[],"product_cat":[262,233,2391,294,38],"product_tag":[895,894,889,893,716,896],"class_list":{"0":"post-19805","1":"product","2":"type-product","3":"status-publish","4":"has-post-thumbnail","6":"product_cat-bomen-struiken","7":"product_cat-fruitbomen","8":"product_cat-mediterrane-en-exotische-fruitplanten","9":"product_cat-specials","10":"product_cat-vijgen","11":"product_tag-caromb","12":"product_tag-de","13":"product_tag-lang","14":"product_tag-noire","15":"product_tag-vijg","16":"product_tag-vijgen-boom","17":"pa_bloeimaanden-juli","18":"pa_bloeimaanden-augustus","19":"pa_bloeimaanden-september","20":"pa_ewd_uwcf_colors-groen-2","21":"pa_ewd_uwcf_colors-mixed","22":"pa_ewd_uwcf_colors-rood-2","23":"pa_groeihoogte-300-cm","24":"pa_pot-zonder-pot","26":"first","27":"outofstock","28":"taxable","29":"shipping-taxable","30":"purchasable","31":"product-type-simple"},"yoast_head":"<!-- This site is optimized with the Yoast SEO plugin v24.2 - https:\/\/yoast.com\/wordpress\/plugins\/seo\/ -->\n<title>Ficus carica &#039;Noir de Caromb&#039; Vijgenboom, 2 liter pot kopen | Planten eenvoudig online bestellen | Schramas.com<\/title>\n<meta name=\"robots\" content=\"index, follow, max-snippet:-1, max-image-preview:large, max-video-preview:-1\" \/>\n<link rel=\"canonical\" href=\"https:\/\/www.schramas.com\/se\/butik\/ficus-carica-noir-karomben-fikontrad-2-liters-kruka\/\" \/>\n<meta property=\"og:locale\" content=\"sv_SE\" \/>\n<meta property=\"og:type\" content=\"article\" \/>\n<meta property=\"og:title\" content=\"Ficus carica &#039;Noir de Caromb&#039; Vijgenboom, 2 liter pot kopen | Planten eenvoudig online bestellen | Schramas.com\" \/>\n<meta property=\"og:description\" content=\"Ficus carica &quot;Noir de Caromb&quot;  Smaak: zoet  Kleur: paarsrode vruchten  Hoogte max.: ca. 4 meter  Leverhoogte incl. pot: ca. 60 cm  Potmaat: 2 liter  Geschikt voor zowel balkon, patio als volle grond\" \/>\n<meta property=\"og:url\" content=\"https:\/\/www.schramas.com\/se\/butik\/ficus-carica-noir-karomben-fikontrad-2-liters-kruka\/\" \/>\n<meta property=\"og:site_name\" content=\"Planten eenvoudig online bestellen | Schramas.com\" \/>\n<meta property=\"article:publisher\" content=\"https:\/\/www.facebook.com\/Schramascom-106872874153195\/\" \/>\n<meta property=\"article:modified_time\" content=\"2026-03-26T15:35:00+00:00\" \/>\n<meta property=\"og:image\" content=\"http:\/\/www.schramas.com\/wp-content\/uploads\/2022\/07\/noir-de-caromb-sfeer.jpg\" \/>\n\t<meta property=\"og:image:width\" content=\"1200\" \/>\n\t<meta property=\"og:image:height\" content=\"1200\" \/>\n\t<meta property=\"og:image:type\" content=\"image\/jpeg\" \/>\n<meta name=\"twitter:card\" content=\"summary_large_image\" \/>\n<meta name=\"twitter:label1\" content=\"Ber\u00e4knad l\u00e4stid\" \/>\n\t<meta name=\"twitter:data1\" content=\"1 minut\" \/>\n<script type=\"application\/ld+json\" class=\"yoast-schema-graph\">{\"@context\":\"https:\/\/schema.org\",\"@graph\":[{\"@type\":[\"WebPage\",\"ItemPage\"],\"@id\":\"https:\/\/www.schramas.com\/winkel\/ficus-carica-noir-de-caromb-vijgenboom-2-liter-pot\/\",\"url\":\"https:\/\/www.schramas.com\/winkel\/ficus-carica-noir-de-caromb-vijgenboom-2-liter-pot\/\",\"name\":\"Ficus carica 'Noir de Caromb' Vijgenboom, 2 liter pot kopen | Planten eenvoudig online bestellen | Schramas.com\",\"isPartOf\":{\"@id\":\"https:\/\/www.schramas.com\/#website\"},\"primaryImageOfPage\":{\"@id\":\"https:\/\/www.schramas.com\/winkel\/ficus-carica-noir-de-caromb-vijgenboom-2-liter-pot\/#primaryimage\"},\"image\":{\"@id\":\"https:\/\/www.schramas.com\/winkel\/ficus-carica-noir-de-caromb-vijgenboom-2-liter-pot\/#primaryimage\"},\"thumbnailUrl\":\"https:\/\/www.schramas.com\/wp-content\/uploads\/2022\/07\/noir-de-caromb-sfeer.jpg\",\"datePublished\":\"2022-07-11T14:16:44+00:00\",\"dateModified\":\"2026-03-26T15:35:00+00:00\",\"breadcrumb\":{\"@id\":\"https:\/\/www.schramas.com\/winkel\/ficus-carica-noir-de-caromb-vijgenboom-2-liter-pot\/#breadcrumb\"},\"inLanguage\":\"sv-SE\",\"potentialAction\":[{\"@type\":\"ReadAction\",\"target\":[\"https:\/\/www.schramas.com\/winkel\/ficus-carica-noir-de-caromb-vijgenboom-2-liter-pot\/\"]}]},{\"@type\":\"ImageObject\",\"inLanguage\":\"sv-SE\",\"@id\":\"https:\/\/www.schramas.com\/winkel\/ficus-carica-noir-de-caromb-vijgenboom-2-liter-pot\/#primaryimage\",\"url\":\"https:\/\/www.schramas.com\/wp-content\/uploads\/2022\/07\/noir-de-caromb-sfeer.jpg\",\"contentUrl\":\"https:\/\/www.schramas.com\/wp-content\/uploads\/2022\/07\/noir-de-caromb-sfeer.jpg\",\"width\":1200,\"height\":1200},{\"@type\":\"BreadcrumbList\",\"@id\":\"https:\/\/www.schramas.com\/winkel\/ficus-carica-noir-de-caromb-vijgenboom-2-liter-pot\/#breadcrumb\",\"itemListElement\":[{\"@type\":\"ListItem\",\"position\":1,\"name\":\"Product\",\"item\":\"https:\/\/www.schramas.com\/assortiment\/\"},{\"@type\":\"ListItem\",\"position\":2,\"name\":\"Bomen &amp; Struiken\",\"item\":\"https:\/\/www.schramas.com\/product-category\/bomen-struiken\/\"},{\"@type\":\"ListItem\",\"position\":3,\"name\":\"Ficus carica &#8216;Noir de Caromb&#8217; Vijgenboom, 2 liter pot\"}]},{\"@type\":\"WebSite\",\"@id\":\"https:\/\/www.schramas.com\/#website\",\"url\":\"https:\/\/www.schramas.com\/\",\"name\":\"Schramas.com | Tuinplanten eenvoudig online bestellen | Direct van onze Kwekerij\",\"description\":\"\",\"alternateName\":\"Schramas.com - Alle planten direct van de kweker\",\"potentialAction\":[{\"@type\":\"SearchAction\",\"target\":{\"@type\":\"EntryPoint\",\"urlTemplate\":\"https:\/\/www.schramas.com\/?s={search_term_string}\"},\"query-input\":{\"@type\":\"PropertyValueSpecification\",\"valueRequired\":true,\"valueName\":\"search_term_string\"}}],\"inLanguage\":\"sv-SE\"}]}<\/script>\n<!-- \/ Yoast SEO plugin. -->","yoast_head_json":{"title":"K\u00f6p Ficus carica &#039;Noir de Caromb&#039; fikontr\u00e4d, 2 liters kruka | Best\u00e4ll enkelt v\u00e4xter online | Schramas.com","robots":{"index":"index","follow":"follow","max-snippet":"max-snippet:-1","max-image-preview":"max-image-preview:large","max-video-preview":"max-video-preview:-1"},"canonical":"https:\/\/www.schramas.com\/se\/butik\/ficus-carica-noir-karomben-fikontrad-2-liters-kruka\/","og_locale":"sv_SE","og_type":"article","og_title":"Ficus carica 'Noir de Caromb' Vijgenboom, 2 liter pot kopen | Planten eenvoudig online bestellen | Schramas.com","og_description":"Ficus carica \"Noir de Caromb\"  Smaak: zoet  Kleur: paarsrode vruchten  Hoogte max.: ca. 4 meter  Leverhoogte incl. pot: ca. 60 cm  Potmaat: 2 liter  Geschikt voor zowel balkon, patio als volle grond","og_url":"https:\/\/www.schramas.com\/se\/butik\/ficus-carica-noir-karomben-fikontrad-2-liters-kruka\/","og_site_name":"Planten eenvoudig online bestellen | Schramas.com","article_publisher":"https:\/\/www.facebook.com\/Schramascom-106872874153195\/","article_modified_time":"2026-03-26T15:35:00+00:00","og_image":[{"width":1200,"height":1200,"url":"http:\/\/www.schramas.com\/wp-content\/uploads\/2022\/07\/noir-de-caromb-sfeer.jpg","type":"image\/jpeg"}],"twitter_card":"summary_large_image","twitter_misc":{"Ber\u00e4knad l\u00e4stid":"1 minut"},"schema":{"@context":"https:\/\/schema.org","@graph":[{"@type":["WebPage","ItemPage"],"@id":"https:\/\/www.schramas.com\/winkel\/ficus-carica-noir-de-caromb-vijgenboom-2-liter-pot\/","url":"https:\/\/www.schramas.com\/winkel\/ficus-carica-noir-de-caromb-vijgenboom-2-liter-pot\/","name":"K\u00f6p Ficus carica &#039;Noir de Caromb&#039; fikontr\u00e4d, 2 liters kruka | Best\u00e4ll enkelt v\u00e4xter online | Schramas.com","isPartOf":{"@id":"https:\/\/www.schramas.com\/#website"},"primaryImageOfPage":{"@id":"https:\/\/www.schramas.com\/winkel\/ficus-carica-noir-de-caromb-vijgenboom-2-liter-pot\/#primaryimage"},"image":{"@id":"https:\/\/www.schramas.com\/winkel\/ficus-carica-noir-de-caromb-vijgenboom-2-liter-pot\/#primaryimage"},"thumbnailUrl":"https:\/\/www.schramas.com\/wp-content\/uploads\/2022\/07\/noir-de-caromb-sfeer.jpg","datePublished":"2022-07-11T14:16:44+00:00","dateModified":"2026-03-26T15:35:00+00:00","breadcrumb":{"@id":"https:\/\/www.schramas.com\/winkel\/ficus-carica-noir-de-caromb-vijgenboom-2-liter-pot\/#breadcrumb"},"inLanguage":"sv-SE","potentialAction":[{"@type":"ReadAction","target":["https:\/\/www.schramas.com\/winkel\/ficus-carica-noir-de-caromb-vijgenboom-2-liter-pot\/"]}]},{"@type":"ImageObject","inLanguage":"sv-SE","@id":"https:\/\/www.schramas.com\/winkel\/ficus-carica-noir-de-caromb-vijgenboom-2-liter-pot\/#primaryimage","url":"https:\/\/www.schramas.com\/wp-content\/uploads\/2022\/07\/noir-de-caromb-sfeer.jpg","contentUrl":"https:\/\/www.schramas.com\/wp-content\/uploads\/2022\/07\/noir-de-caromb-sfeer.jpg","width":1200,"height":1200},{"@type":"BreadcrumbList","@id":"https:\/\/www.schramas.com\/winkel\/ficus-carica-noir-de-caromb-vijgenboom-2-liter-pot\/#breadcrumb","itemListElement":[{"@type":"ListItem","position":1,"name":"Product","item":"https:\/\/www.schramas.com\/assortiment\/"},{"@type":"ListItem","position":2,"name":"Bomen &amp; Struiken","item":"https:\/\/www.schramas.com\/product-category\/bomen-struiken\/"},{"@type":"ListItem","position":3,"name":"Ficus carica &#8216;Noir de Caromb&#8217; Vijgenboom, 2 liter pot"}]},{"@type":"WebSite","@id":"https:\/\/www.schramas.com\/#website","url":"https:\/\/www.schramas.com\/","name":"Schramas.com | Tr\u00e4dg\u00e5rdsv\u00e4xter som enkelt kan best\u00e4llas online | Direkt fr\u00e5n v\u00e5r plantskola","description":"","alternateName":"Schramas.com - Alle planten direct van de kweker","potentialAction":[{"@type":"SearchAction","target":{"@type":"EntryPoint","urlTemplate":"https:\/\/www.schramas.com\/?s={search_term_string}"},"query-input":{"@type":"PropertyValueSpecification","valueRequired":true,"valueName":"search_term_string"}}],"inLanguage":"sv-SE"}]}},"_links":{"self":[{"href":"https:\/\/www.schramas.com\/se\/wp-json\/wp\/v2\/product\/19805","targetHints":{"allow":["GET"]}}],"collection":[{"href":"https:\/\/www.schramas.com\/se\/wp-json\/wp\/v2\/product"}],"about":[{"href":"https:\/\/www.schramas.com\/se\/wp-json\/wp\/v2\/types\/product"}],"version-history":[{"count":1,"href":"https:\/\/www.schramas.com\/se\/wp-json\/wp\/v2\/product\/19805\/revisions"}],"predecessor-version":[{"id":60921,"href":"https:\/\/www.schramas.com\/se\/wp-json\/wp\/v2\/product\/19805\/revisions\/60921"}],"wp:featuredmedia":[{"embeddable":true,"href":"https:\/\/www.schramas.com\/se\/wp-json\/wp\/v2\/media\/20006"}],"wp:attachment":[{"href":"https:\/\/www.schramas.com\/se\/wp-json\/wp\/v2\/media?parent=19805"}],"wp:term":[{"taxonomy":"product_brand","embeddable":true,"href":"https:\/\/www.schramas.com\/se\/wp-json\/wp\/v2\/product_brand?post=19805"},{"taxonomy":"product_cat","embeddable":true,"href":"https:\/\/www.schramas.com\/se\/wp-json\/wp\/v2\/product_cat?post=19805"},{"taxonomy":"product_tag","embeddable":true,"href":"https:\/\/www.schramas.com\/se\/wp-json\/wp\/v2\/product_tag?post=19805"}],"curies":[{"name":"wp","href":"https:\/\/api.w.org\/{rel}","templated":true}]}}

Ficus carica 'Noir de Caromb' Fikonträd, 2-liters kruka

<p>Denna sort Ficus carica &#039;Noir de Caromb&#039; är ett kraftigt och produktivt fikonträd som kan bära fikon två gånger om året. Dessa små söta fikon har ett lila-rött skal och är lämpliga att äta färska, torka och göra sylt.</p>
<p>Ficus carica &quot;Noir de Caromb&quot; är motståndskraftig mot frysning ner till -15°C. Fikonträdet är lätt att odla och är resistent mot sjukdomar.</p>

<p>Ficus carica &quot;Noir de Caromb&quot;</p>
<p>Smak: söt</p>
<p>Färg: lila-röda frukter</p>
<p>Max höjd: ca 4 meter</p>
<p>Leveranshöjd inkl. kruka: ca 60 cm</p>
<p>Krukstorlek: 2 liter</p>
<p>Lämplig för både balkong, uteplats och öppen mark</p>

<!-- This site is optimized with the Yoast SEO plugin v24.2 - https://yoast.com/wordpress/plugins/seo/ -->
<title>Ficus carica &#039;Noir de Caromb&#039; Vijgenboom, 2 liter pot kopen | Planten eenvoudig online bestellen | Schramas.com</title>
<meta name="robots" content="index, follow, max-snippet:-1, max-image-preview:large, max-video-preview:-1" />
<link rel="canonical" href="https://www.schramas.com/se/butik/ficus-carica-noir-karomben-fikontrad-2-liters-kruka/" />
<meta property="og:locale" content="sv_SE" />
<meta property="og:type" content="article" />
<meta property="og:title" content="Ficus carica &#039;Noir de Caromb&#039; Vijgenboom, 2 liter pot kopen | Planten eenvoudig online bestellen | Schramas.com" />
<meta property="og:description" content="Ficus carica &quot;Noir de Caromb&quot;  Smaak: zoet  Kleur: paarsrode vruchten  Hoogte max.: ca. 4 meter  Leverhoogte incl. pot: ca. 60 cm  Potmaat: 2 liter  Geschikt voor zowel balkon, patio als volle grond" />
<meta property="og:url" content="https://www.schramas.com/se/butik/ficus-carica-noir-karomben-fikontrad-2-liters-kruka/" />
<meta property="og:site_name" content="Planten eenvoudig online bestellen | Schramas.com" />
<meta property="article:publisher" content="https://www.facebook.com/Schramascom-106872874153195/" />
<meta property="article:modified_time" content="2026-03-26T15:35:00+00:00" />
<meta property="og:image" content="http://www.schramas.com/wp-content/uploads/2022/07/noir-de-caromb-sfeer.jpg" />
	<meta property="og:image:width" content="1200" />
	<meta property="og:image:height" content="1200" />
	<meta property="og:image:type" content="image/jpeg" />
<meta name="twitter:card" content="summary_large_image" />
<meta name="twitter:label1" content="Beräknad lästid" />
	<meta name="twitter:data1" content="1 minut" />
<script type="application/ld+json" class="yoast-schema-graph">{"@context":"https://schema.org","@graph":[{"@type":["WebPage","ItemPage"],"@id":"https://www.schramas.com/winkel/ficus-carica-noir-de-caromb-vijgenboom-2-liter-pot/","url":"https://www.schramas.com/winkel/ficus-carica-noir-de-caromb-vijgenboom-2-liter-pot/","name":"Ficus carica 'Noir de Caromb' Vijgenboom, 2 liter pot kopen | Planten eenvoudig online bestellen | Schramas.com","isPartOf":{"@id":"https://www.schramas.com/#website"},"primaryImageOfPage":{"@id":"https://www.schramas.com/winkel/ficus-carica-noir-de-caromb-vijgenboom-2-liter-pot/#primaryimage"},"image":{"@id":"https://www.schramas.com/winkel/ficus-carica-noir-de-caromb-vijgenboom-2-liter-pot/#primaryimage"},"thumbnailUrl":"https://www.schramas.com/wp-content/uploads/2022/07/noir-de-caromb-sfeer.jpg","datePublished":"2022-07-11T14:16:44+00:00","dateModified":"2026-03-26T15:35:00+00:00","breadcrumb":{"@id":"https://www.schramas.com/winkel/ficus-carica-noir-de-caromb-vijgenboom-2-liter-pot/#breadcrumb"},"inLanguage":"sv-SE","potentialAction":[{"@type":"ReadAction","target":["https://www.schramas.com/winkel/ficus-carica-noir-de-caromb-vijgenboom-2-liter-pot/"]}]},{"@type":"ImageObject","inLanguage":"sv-SE","@id":"https://www.schramas.com/winkel/ficus-carica-noir-de-caromb-vijgenboom-2-liter-pot/#primaryimage","url":"https://www.schramas.com/wp-content/uploads/2022/07/noir-de-caromb-sfeer.jpg","contentUrl":"https://www.schramas.com/wp-content/uploads/2022/07/noir-de-caromb-sfeer.jpg","width":1200,"height":1200},{"@type":"BreadcrumbList","@id":"https://www.schramas.com/winkel/ficus-carica-noir-de-caromb-vijgenboom-2-liter-pot/#breadcrumb","itemListElement":[{"@type":"ListItem","position":1,"name":"Product","item":"https://www.schramas.com/assortiment/"},{"@type":"ListItem","position":2,"name":"Bomen &amp; Struiken","item":"https://www.schramas.com/product-category/bomen-struiken/"},{"@type":"ListItem","position":3,"name":"Ficus carica &#8216;Noir de Caromb&#8217; Vijgenboom, 2 liter pot"}]},{"@type":"WebSite","@id":"https://www.schramas.com/#website","url":"https://www.schramas.com/","name":"Schramas.com | Tuinplanten eenvoudig online bestellen | Direct van onze Kwekerij","description":"","alternateName":"Schramas.com - Alle planten direct van de kweker","potentialAction":[{"@type":"SearchAction","target":{"@type":"EntryPoint","urlTemplate":"https://www.schramas.com/?s={search_term_string}"},"query-input":{"@type":"PropertyValueSpecification","valueRequired":true,"valueName":"search_term_string"}}],"inLanguage":"sv-SE"}]}</script>
<!-- / Yoast SEO plugin. -->

Köp Ficus carica &#039;Noir de Caromb&#039; fikonträd, 2 liters kruka | Beställ enkelt växter online | Schramas.com

Schramas.com | Trädgårdsväxter som enkelt kan beställas online | Direkt från vår plantskola
